e -7*w + s = -9*w. What is the tens digit of x(w)?
2
Let j = 95 - 169. What is the tens digit of (-3)/(2*1/j)?
1
Suppose 85*r - 76*r = 7434. What is the units digit of r?
6
Let n(t) = -2*t**3 + 11*t**2 + 7*t - 15. Let s be n(6). What is the units digit of ((-312)/s)/(2/3)?
2
Suppose 10*f - 19573 + 4403 = 0. What is the units digit of f?
7
Let r(x) = 34*x + 45. Let a be r(18). Suppose 0 = -2*y - 2*y + 4, -5*k - 2*y = -a. What is the units digit of k?
1
Suppose 0 = 38*a - 3360 - 26090. What is the hundreds digit of a?
7
Let o be (26/6)/(4/12). Suppose -3*a = -5*n - 51, -3*a + 64 = n + o. What is the tens digit of a?
1
Let d = -62 + 138. Suppose -244 = 4*j - d. What is the units digit of (2*-1)/(2/j)?
2
Suppose 0 = -4*a + 8 + 12, -2*g + 1072 = -2*a. What is the hundreds digit of g?
5
Let v = -1504 - -2297. What is the tens digit of v?
9
Suppose 5*f = -2*l + 13938, -3*l + 3 = -9. What is the units digit of f?
6
Let f = -3999 + 5894. What is the thousands digit of f?
1
Let l(q) = -q**3 + 25*q**2 + 24*q - 175. What is the hundreds digit of l(22)?
8
Suppose 5*l + 62 = -o, 3 = 4*o - 3*l + 182. Let a = o - -111. What is the units digit of a?
4
Let k = 6416 - 3168. What is the tens digit of k?
4
Let i(x) = 7*x + 28. Let g be i(-4). Suppose g = -9*p + 257 + 229. What is the tens digit of p?
5
Let r = -9 + 12. Let v = r - -7. What is the units digit of v?
0
Suppose -20*p + n + 1120 = -19*p, 0 = 3*p + n - 3356. What is the hundreds digit of p?
1
Let z = -177 + 495. What is the hundreds digit of z?
3
Suppose -2*h = -2434 + 4. Suppose h = -3*f - k, 1620 = -4*f - 2*k + k. What is the units digit of 1/3*f/(-3)?
5
Let m(y) = -y**2 - 9*y - 10. Let p be m(-7). Suppose 3*r + 5 = p*r. What is the units digit of r?
5
Let y = 18 - 13. Suppose -y*v + 5 + 15 = 0. What is the units digit of ((-105)/6)/(v/(-8))?
5
Suppose 2*o + 8 = 6*o. Suppose o*g = 7*g - 340. What is the units digit of g?
8
Let u be -1*(-1 - 4/1). Let m be 44/3 + u/15. Suppose 0 = -3*i - m + 93. What is the units digit of i?
6
Let z = 173 + -110. What is the units digit of z?
3
Let c(i) be the second derivative of i**6/80 + i**5/40 + i**4/6 - 7*i. Let q(z) be the third derivative of c(z). What is the units digit of q(2)?
1
Let i = -48 + 52. What is the units digit of -2*4/(-32) + 183/i?
6
Let n(s) = -11*s**3 - 3*s**2 - 2*s - 3. What is the units digit of n(-4)?
1
Let y = -40 - -70. Suppose -3*k + y = 2*k. What is the units digit of k?
6
Suppose 4*k = 6*k - 28. Suppose 213 = 3*w - 5*p, -47 = -w + 5*p + k. What is the units digit of w?
6
Suppose -4*m = -4*i + 6460, 7*m + 4840 = 3*i + 3*m. What is the tens digit of i?
2
Suppose o - 3*o - 5*l = -8, 0 = -2*o + 5*l + 28. Suppose o*u = 8*u + 101. What is the hundreds digit of u?
1
Let u be 14*3/18 - (-2)/(-6). Suppose u*y = 2*f + 1 + 53, 4*y + f = 128. What is the units digit of y?
1
Suppose -y = -5*g - 17, -4*y - 1 = 3*g - 0*y. Let x be ((-9)/(-1))/g - -5. What is the units digit of 6/4*(0 + x)?
3
Suppose -5*a + 308 = 4*t, 0 = -3*a - 2*t + 21 + 163. Suppose 11*x - a = -x. What is the units digit of x?
5
Suppose 3*q - n + 0*n = 144, 5*n = -4*q + 192. Let h(d) = -d**2 + d - 4. Let s be h(-5). Let b = q + s. What is the units digit of b?
4
Let d be (-5 - -3) + 1 + (-1 - -4). Suppose 2*r - r - 38 = -d*n, -4*n = -r + 38. What is the units digit of r?
8
Let q(b) = 273*b + 172. What is the tens digit of q(8)?
5
Suppose -4*g - 25 - 19 = 4*s, 4*s + 5*g = -44. Let q(b) be the second derivative of -b**4/6 - 13*b**3/3 + 7*b**2 + b. What is the units digit of q(s)?
8
Let y(g) = 2*g + 22. Let r be y(-9). Suppose 12 = -2*f + 3*i, -r*i + 5 = 3*f - 2*f. What is the units digit of (-4 + 31)*(-2)/f?
8
Let j(u) be the third derivative of u**6/120 - u**5/6 - 5*u**4/12 + 5*u**3/2 + 2*u**2 - 11*u. Let z be (-129)/(-12) - 2/(-8). What is the tens digit of j(z)?
2
Let g = -124 + 310. What is the tens digit of g?
8
Let x be ((-2 - 4) + 0)/(-2). Suppose 3*y = -x*u + 30, 47 = 7*u - 2*u + 4*y. What is the units digit of (1/(-4))/(u/(-56))?
2
Suppose -5*n + 2172 = q, 0 = -3*q + n + 3067 + 3433. What is the thousands digit of q?
2
What is the units digit of (1026/(-90))/(3/(-1015))?
7
Let u(r) = 34*r - 617. What is the units digit of u(32)?
1
Suppose 4*j - 4*b = -4, 5*j = -2*b + 13 + 10. Suppose -3*c + 0*c + 249 = -j*v, -2*c + 165 = -3*v. What is the units digit of c?
4
Let w = -31 - -31. Suppose -45 = -w*r - 3*r. What is the units digit of r?
5
Let n(h) = -h**2 - 8*h - 179. Let r be n(0). Let z = r + 327. What is the tens digit of z?
4
Suppose -3*h - 5*m + 408 + 59 = 0, -2*h - 3*m = -310. What is the units digit of h?
9
Suppose -4*l - 360 = -8*l. Let p = -52 + l. What is the units digit of p?
8
Let s(c) = 133*c - 27. Let p be s(5). Suppose -6*n = 92 - p. What is the units digit of n?
1
Suppose j - 379 = -3*h, 3*h + 4*j + 83 = 465. Suppose -5*u = -h - 164. What is the tens digit of u?
5
Let j(h) = h**3 + 7*h**2 + h - 12. Let p be j(-6). Let a be (-4)/p + (-115)/9. Let o = 37 + a. What is the tens digit of o?
2
Suppose 0 = -0*w + 18*w - 3708. What is the hundreds digit of w?
2
Suppose -3*x + 3*c - 9 = 0, x + 6 = 2*c - 0*c. Suppose x = -y + 4*i + 78, -5*i + 14 = -1. What is the tens digit of y?
9
Let y be ((-2)/4)/((-1)/48). Let j(c) = -3*c + 15. Let h be j(4). Suppose -u = h*u - y. What is the units digit of u?
6
Let u(x) = 2*x - 4. Let p be u(4). Let h be p*1 + 0 + -2. What is the units digit of -6 + 2 + h*35?
6
Let i(k) = -272*k - 117. What is the units digit of i(-3)?
9
Let y(t) = 89*t**2 + 4*t + 3. Let k be y(-2). What is the units digit of (-4)/16 + k/12?
9
Let x(p) = 2 + 10*p - p**2 - 200*p**3 - 4*p - 6*p. What is the tens digit of x(-1)?
0
Let f(t) be the second derivative of -7*t**5/10 - t**4/6 + t**3/6 - t**2/2 - 9*t. What is the hundreds digit of f(-2)?
1
Suppose -20*s + 3405 = -2795. What is the hundreds digit of s?
3
Suppose 117*u - 130*u = -37466. What is the hundreds digit of u?
8
Suppose -2*c + h + 6 = 0, 5*c - 5*h = 2*c - 5. Let d(o) = -o**3 + 7*o**2 + 7. What is the units digit of d(c)?
7
Suppose -2*x + 0*o + 230 = 2*o, 5*o = -2*x + 215. Suppose i + 4*i = x. What is the tens digit of i?
2
Let l(x) be the third derivative of x**4/6 - 31*x**3/6 - 13*x**2. Let s be l(9). Suppose q + 1 = -4*b - 4, s*q - 2*b - 63 = 0. What is the tens digit of q?
1
Let t(m) = -m**3 + 9*m**2 - 5*m + 27. Let q be t(7). Let z = -44 + q. What is the units digit of z?
6
Suppose -h + 375 = 3*c, -3*h + c = -288 - 877. Suppose -4*s = 3*o - 117 + 528, 4*s = 3*o + h. Let g = o - -193. What is the units digit of g?
0
Suppose 3*k - 5*b - 1093 = 0, 0 = -3*k - k - 5*b + 1434. What is the hundreds digit of k?
3
Suppose 16 = 7*d - 3*d. Suppose d*j = -t, -5*t - 48 = -10*t + 4*j. What is the units digit of t?
8
Let h = 28 + -24. Suppose -20 = h*k, -54 = 2*r - 3*k - 157. What is the tens digit of r?
4
Suppose 5*q - 9 + 34 = 0, 2*q = 3*v - 17689. What is the tens digit of v?
9
Let j be (-3 - (-31 - -6))/((-2)/(-52)). Suppose -3*f = -14*f + j. What is the tens digit of f?
5
Suppose -5*j = -0*j + z - 8153, -2*z + 8156 = 5*j. Let t be j/45 - 4/18. Suppose -t = -2*q + 18. What is the tens digit of q?
2
Let m(k) = -2*k**2 + 84*k - 28. What is the tens digit of m(30)?
9
Suppose -34 = 8*s - 122. Let w(g) = g**2 + 10*g - 36. What is the tens digit of w(s)?
9
Let b = 19 + -9. Suppose 5*s + 176 - 26 = 0. What is the tens digit of 98/b - 6/s?
1
Let f(u) = u**3 - 24*u**2 - 24*u - 62. What is the hundreds digit of f(26)?
6
Let z = -78 - -60. What is the tens digit of 4/(-5)*1305/z?
5
Suppose 5*d - 218 - 162 = 0. What is the tens digit of d?
7
Let u = -88 + 1976. What is the hundreds digit of u?
8
What is the hundreds digit of ((-3)/2)/3*(77 - 2103)?
0
Suppose w - 382 = 4*c, -3*w + c - 372 = -4*w. What is the units digit of w?
4
Suppose 0*b - 98 = -7*b. Suppose -b*t = -7*t - 700. What is the tens digit of t?
0
Suppose 0*n - 5*n - 25 = 0. Let g be 3/n + (-429)/(-15). Suppose 3*c = 7*c - g. What is the units digit of c?
7
Suppose -5*g + 3*i + 37 = 0, -3*g - 2*i + i + 11 = 0. Suppose -d + g*d - 120 = 0. Suppose -d = -2*l + 6. What is the units digit of l?
8
Let c be 18/(-27) + (-77)/(-3). Suppose 2*h = -0*k - 2*k - 2, -2*h - 5 = 5*k. Let j = c + h. What is the tens digit of j?
2
Suppose 91 = 2*h + 367. What is the units digit